at is the remainder when 46288 is divided by 4205?
33
Calculate the remainder when 14867421 is divided by 684.
681
Calculate the remainder when 31762 is divided by 7.
3
What is the remainder when 220284 is divided by 68?
32
What is the remainder when 835800 is divided by 1639?
1549
What is the remainder when 105767053 is divided by 35255682?
7
Calculate the remainder when 9012839 is divided by 2280.
2279
What is the remainder when 2983215 is divided by 509?
475
What is the remainder when 2115940 is divided by 3509?
13
Calculate the remainder when 26667 is divided by 25323.
1344
What is the remainder when 7197 is divided by 273?
99
What is the remainder when 45809967 is divided by 14529?
30
Calculate the remainder when 1690756 is divided by 2030.
1796
What is the remainder when 1381373 is divided by 304?
301
What is the remainder when 627811377 is divided by 7812?
7809
What is the remainder when 134371 is divided by 124105?
10266
What is the remainder when 79596353 is divided by 3813?
3791
What is the remainder when 12592144 is divided by 282?
280
What is the remainder when 3708119 is divided by 76?
3
Calculate the remainder when 763124 is divided by 99.
32
Calculate the remainder when 3214245 is divided by 197.
190
Calculate the remainder when 617241 is divided by 25.
16
Calculate the remainder when 291580 is divided by 26381.
1389
What is the remainder when 55433469 is divided by 64?
61
What is the remainder when 127683 is divided by 5317?
75
What is the remainder when 207256162 is divided by 102?
16
What is the remainder when 91763 is divided by 1105?
48
What is the remainder when 250801 is divided by 83583?
52
What is the remainder when 209728 is divided by 13080?
448
What is the remainder when 22507 is divided by 2039?
78
What is the remainder when 42962 is divided by 8222?
1852
Calculate the remainder when 32463167 is divided by 2164207.
62
Calculate the remainder when 2387538 is divided by 2387531.
7
What is the remainder when 4391024 is divided by 731836?
8
What is the remainder when 73298 is divided by 3265?
1468
What is the remainder when 33598 is divided by 1942?
584
What is the remainder when 1928204 is divided by 5479?
5075
Calculate the remainder when 1884225 is divided by 62793.
435
What is the remainder when 790591 is divided by 35?
11
What is the remainder when 4801422 is divided by 4801384?
38
What is the remainder when 36439543 is divided by 3312684?
19
Calculate the remainder when 1018361 is divided by 101835.
11
What is the remainder when 784815 is divided by 130707?
573
Calculate the remainder when 60405 is divided by 3021.
3006
Calculate the remainder when 694117 is divided by 401.
387
What is the remainder when 89629 is divided by 88861?
768
Calculate the remainder when 22744 is divided by 7427.
463
Calculate the remainder when 14953493 is divided by 1371.
1367
What is the remainder when 1074813 is divided by 2799?
2796
What is the remainder when 93792 is divided by 538?
180
What is the remainder when 173735 is divided by 127?
126
Calculate the remainder when 13305971 is divided by 226.
221
Calculate the remainder when 349301 is divided by 582.
101
Calculate the remainder when 2241558 is divided by 187.
176
Calculate the remainder when 70519 is divided by 2005.
344
What is the remainder when 1220737 is divided by 1817?
1530
What is the remainder when 382395 is divided by 109?
23
What is the remainder when 332416 is divided by 3956?
112
What is the remainder when 5309 is divided by 4942?
367
Calculate the remainder when 140431 is divided by 8.
7
What is the remainder when 4793112 is divided by 1597698?
18
What is the remainder when 4950025 is divided by 1650005?
10
What is the remainder when 488507 is divided by 646?
131
Calculate the remainder when 1595951 is divided by 15341.
487
What is the remainder when 187519 is divided by 62295?
634
Calculate the remainder when 13954497 is divided by 1772.
1769
Calculate the remainder when 27915 is divided by 386.
123
What is the remainder when 261903506 is divided by 33?
29
What is the remainder when 134926 is divided by 968?
374
What is the remainder when 168460 is divided by 33177?
2575
Calculate the remainder when 116678 is divided by 12928.
326
Calculate the remainder when 360176596 is divided by 1075.
1071
Calculate the remainder when 767017 is divided by 383411.
195
Calculate the remainder when 60152 is divided by 6656.
248
What is the remainder when 177834 is divided by 50?
34
What is the remainder when 11558969 is divided by 1395?
1394
Calculate the remainder when 17171 is divided by 8253.
665
What is the remainder when 10828640 is divided by 106?
104
What is the remainder when 898757 is divided by 35949?
32
Calculate the remainder when 847220 is divided by 821.
769
What is the remainder when 1936272 is divided by 645270?
462
What is the remainder when 195581 is divided by 8481?
518
What is the remainder when 175031 is divided by 19266?
1637
What is the remainder when 3516844 is divided by 918?
904
Calculate the remainder when 187416 is divided by 8484.
768
Calculate the remainder when 984304 is divided by 1953.
1945
What is the remainder when 44270 is divided by 11017?
202
What is the remainder when 711321 is divided by 102?
75
What is the remainder when 4619 is divided by 3389?
1230
What is the remainder when 973606 is divided by 7432?
14
What is the remainder when 255975 is divided by 31?
8
What is the remainder when 15244 is divided by 635?
4
Calculate the remainder when 1210446 is divided by 3144.
6
Calculate the remainder when 52324511 is divided by 1184.
1183
Calculate the remainder when 165978 is divided by 2653.
1492
What is the remainder when 56329 is divided by 4693?
13
Calculate the remainder when 997536 is divided by 248.
80
What is the remainder when 341760 is divided by 170843?
74
What is the remainder when 6865762 is divided by 387?
382
What is the remainder when 38033370 is divided by 26?
24
Calculate the remainder when 1564941 is divided by 21.
0
What is the remainder when 1038594 is divided by 1396?
1366
Calculate the remainder when 192691 is divided by 2266.
81
Calculate the remainder when 300421 is divided by 8345.
1
What is the remainder when 347424 is divided by 1811?
1523
Calculate the remainder when 31220165 is divided by 14.
11
Calculate the remainder when 290739157 is divided by 207.
205
What is the remainder when 72899594 is divided by 310?
304
Calculate the remainder when 23614204 is divided by 5.
4
What is the remainder when 111235 is divided by 36922?
469
Calculate the remainder when 28736450 is divided by 63.
8
What is the remainder when 276262 is divided by 91532?
1666
What is the remainder when 21250587 is divided by 567?
561
Calculate the remainder when 4294283 is divided by 858849.
38
What is the remainder when 180262 is divided by 2405?
2292
Calculate the remainder when 3705917 is divided by 13476.
17
Calculate the remainder when 2757 is divided by 865.
162
Calculate the remainder when 3202896 is divided by 1067632.
0
Calculate the remainder when 24812674 is divided by 161.
159
Calculate the remainder when 5026487 is divided by 2397.
2375
What is the remainder when 2823395 is divided by 31371?
5
What is the remainder when 410209 is divided by 21?
16
Calculate the remainder when 3005948 is divided by 2067.
530
What is the remainder when 14323272 is divided by 138?
114
Calculate the remainder when 1836319 is divided by 160.
159
Calculate the remainder when 11067994 is divided by 266.
0
Calculate the remainder when 8120326 is divided by 159.
37
What is the remainder when 165825 is divided by 564?
9
What is the remainder when 9806 is divided by 50?
6
Calculate the remainder when 68171495 is divided by 34.
33
Calculate the remainder when 394100 is divided by 1903.
179
Calculate the remainder when 381650 is divided by 41811.
5351
What is the remainder when 1234359 is divided by 27430?
9
What is the remainder when 845696 is divided by 422842?
12
What is the remainder when 244736 is divided by 975?
11
What is the remainder when 25259938 is divided by 146860?
18
What is the remainder when 9826549 is divided by 149?
148
What is the remainder when 492412 is divided by 35171?
18
What is the remainder when 286677 is divided by 4791?
4008
Calcul